{"id":36,"date":"2020-05-08T07:06:02","date_gmt":"2020-05-08T07:06:02","guid":{"rendered":"http:\/\/www.pasjarozwoju.pl\/?page_id=36"},"modified":"2020-05-15T12:24:11","modified_gmt":"2020-05-15T12:24:11","slug":"osiagam-swoje-cele-spelniam-wlasne-marzenia","status":"publish","type":"page","link":"https:\/\/www.pasjarozwoju.pl\/index.php\/szkolenia-i-warsztaty\/osiagam-swoje-cele-spelniam-wlasne-marzenia\/","title":{"rendered":""},"content":{"rendered":"\t\t<div data-elementor-type=\"wp-page\" data-elementor-id=\"36\" class=\"elementor elementor-36\" data-elementor-settings=\"[]\">\n\t\t\t\t\t\t<div class=\"elementor-inner\">\n\t\t\t\t\t\t\t<div class=\"elementor-section-wrap\">\n\t\t\t\t\t\t\t<section class=\"elementor-section elementor-top-section elementor-element elementor-element-6f52900d elementor-section-boxed elementor-section-height-default elementor-section-height-default\" data-id=\"6f52900d\" data-element_type=\"section\">\n\t\t\t\t\t\t<div class=\"elementor-container elementor-column-gap-default\">\n\t\t\t\t\t\t\t<div class=\"elementor-row\">\n\t\t\t\t\t<div class=\"elementor-column elementor-col-100 elementor-top-column elementor-element elementor-element-f907046\" data-id=\"f907046\" data-element_type=\"column\">\n\t\t\t<div class=\"elementor-column-wrap elementor-element-populated\">\n\t\t\t\t\t\t\t<div class=\"elementor-widget-wrap\">\n\t\t\t\t\t\t<div class=\"elementor-element elementor-element-183c7466 elementor-widget elementor-widget-text-editor\" data-id=\"183c7466\" data-element_type=\"widget\" data-widget_type=\"text-editor.default\">\n\t\t\t\t<div class=\"elementor-widget-container\">\n\t\t\t\t\t<div class=\"elementor-text-editor elementor-clearfix\"><!-- wp:list -->\n<ul>\n<li>Czujesz si\u0119 zm\u0119czony\/a kolejnymi nieudanymi pr\u00f3bami, by osi\u0105gn\u0105\u0107 sw\u00f3j cel?<\/li>\n<li>Jeste\u015b przekonany\/na, \u017ce niezrealizowany zamiar znacznie obni\u017ca Twoje poczucie w\u0142asnej warto\u015bci?<\/li>\n<li>Tak wiele razy Twoje motywacja gas\u0142a zbyt szybko\u2026<\/li>\n<li>Podsk\u00f3rnie czujesz, \u017ce nie wystarczy my\u015ble\u0107 pozytywnie, a reszta sama si\u0119 wydarzy?<\/li>\n<li>Czy jeste\u015b \u015bwiadomy,\u00a0 \u017ce cele osi\u0105ga si\u0119 wg bardzo konkretnych kluczy i mechanizm\u00f3w?<\/li>\n<li>Snucie marze\u0144 ju\u017c Ci nie wystarcza?<\/li>\n<li>Masz potrzeb\u0119 zrealizowa\u0107 sw\u00f3j cel lub\/i spe\u0142ni\u0107 marzenie, by m\u00f3c spojrze\u0107 z dum\u0105 w lustro?<\/li>\n<li>Tak wiele pr\u00f3b, by cho\u0107 zbli\u017cy\u0107 si\u0119 do realizacji swego zamiaru, zawiod\u0142o Ci\u0119, mimo, \u017ce inni mogli by\u0107 dumnie z sukces\u00f3w, o kt\u00f3rych Ty mog\u0142e\u015b\/a\u015b tylko pomarzy\u0107?<\/li>\n<li>Mimo wszystko, nie przestajesz wyobra\u017ca\u0107 sobie, jak by\u015b si\u0119 czu\u0142\/\u0142a\u00a0 gdyby\u015b stan\u0105\u0142\/\u0119\u0142a na swoim w\u0142asnym szczycie?<\/li>\n<\/ul>\n<!-- \/wp:list --><!-- wp:paragraph -->\n<p><strong>Zatem, z pe\u0142n\u0105 odpowiedzialno\u015bci\u0105 zapraszam Ci\u0119 na szkolenie:<\/strong><\/p>\n<!-- \/wp:paragraph --><!-- wp:paragraph --><!-- \/wp:paragraph --><!-- wp:paragraph --><!-- \/wp:paragraph --><!-- wp:wpforms\/form-selector {\"formId\":\"126\",\"displayTitle\":true} \/--><\/div>\n\t\t\t\t<\/div>\n\t\t\t\t<\/div>\n\t\t\t\t<div class=\"elementor-element elementor-element-d22efa4 elementor-widget elementor-widget-heading\" data-id=\"d22efa4\" data-element_type=\"widget\" data-widget_type=\"heading.default\">\n\t\t\t\t<div class=\"elementor-widget-container\">\n\t\t\t<h3 class=\"elementor-heading-title elementor-size-default\">OSI\u0104GAM SWOJE CELE, SPE\u0141NIAM W\u0141ASNE MARZENIA<\/h3>\t\t<\/div>\n\t\t\t\t<\/div>\n\t\t\t\t<div class=\"elementor-element elementor-element-ed18df7 elementor-widget elementor-widget-text-editor\" data-id=\"ed18df7\" data-element_type=\"widget\" data-widget_type=\"text-editor.default\">\n\t\t\t\t<div class=\"elementor-widget-container\">\n\t\t\t\t\t<div class=\"elementor-text-editor elementor-clearfix\"><p>\u2013 Przekonasz si\u0119, co tak naprawd\u0119 hamuje Ci\u0119 na drodze do osi\u0105gni\u0119cia swojego celu.<\/p>\n<p><!-- \/wp:paragraph --><!-- wp:paragraph --><\/p>\n<p>\u2013 Dowiesz si\u0119, jak wa\u017cn\u0105 rol\u0119 w drodze na szczyt pe\u0142ni pora\u017cka.<\/p>\n<p><!-- \/wp:paragraph --><!-- wp:paragraph --><\/p>\n<p>\u2013 Zbudujesz konkretny plan, dzi\u0119ki kt\u00f3remu pokonasz ewentualne przeciwno\u015bci.<\/p>\n<p><!-- \/wp:paragraph --><!-- wp:paragraph --><\/p>\n<p>\u2013 Nauczysz si\u0119 jakie s\u0105 konieczne kryteria, by osi\u0105gn\u0105\u0107 sw\u00f3j zamiar.<\/p>\n<p><!-- \/wp:paragraph --><!-- wp:paragraph --><\/p>\n<p>\u2013 Uka\u017c\u0119 Ci co jest prawdziwym i nies\u0142abn\u0105cym \u017ar\u00f3d\u0142em motywacji.\u00a0\u00a0<\/p>\n<p><!-- \/wp:paragraph --><!-- wp:paragraph --><\/p>\n<p>\u2013 Wsp\u00f3lnie om\u00f3wimy proces natychmiastowego odbudowywania motywacji.<\/p>\n<p><!-- \/wp:paragraph --><!-- wp:paragraph --><\/p>\n<p>\u2013 Rozprawimy si\u0119 r\u00f3wnie\u017c z os\u0142abiaj\u0105cymi przekonaniami, kt\u00f3re blokuj\u0105 Ci\u0119, by wej\u015b\u0107 na sw\u00f3j w\u0142asny szczyt.<\/p>\n<p><!-- \/wp:paragraph --><!-- wp:paragraph --><\/p>\n<p>\u2013 Odbudujesz poczucie swojej sprawczo\u015bci!<\/p>\n<p><!-- \/wp:paragraph --><!-- wp:paragraph --><\/p>\n<p><strong>Gdzie praktyczna wiedza, kt\u00f3r\u0105 Ci przeka\u017c\u0119, mo\u017ce by\u0107 zastosowana?<\/strong><\/p>\n<p><!-- \/wp:paragraph --><!-- wp:paragraph --><\/p>\n<p>\u2013 w zmaganiach z nadwag\u0105 czy niedowag\u0105.<\/p>\n<p><!-- \/wp:paragraph --><!-- wp:paragraph --><\/p>\n<p>\u2013 w osi\u0105ganiu sukces\u00f3w zawodowych, zatem prze\u0142o\u017cy si\u0119 ona na konkretne korzy\u015bci finansowe.<\/p>\n<p><!-- \/wp:paragraph --><!-- wp:paragraph --><\/p>\n<p>\u2013 w realizacji wszelkich cel\u00f3w z \u017cycia prywatnego.<\/p>\n<p><!-- \/wp:paragraph --><!-- wp:paragraph --><\/p>\n<p>\u2013 w zmaganiach z osi\u0105ganiem kolejnych szczebli edukacji.<\/p><\/div>\n\t\t\t\t<\/div>\n\t\t\t\t<\/div>\n\t\t\t\t\t\t<\/div>\n\t\t\t\t\t<\/div>\n\t\t<\/div>\n\t\t\t\t\t\t\t\t<\/div>\n\t\t\t\t\t<\/div>\n\t\t<\/section>\n\t\t\t\t\t\t<\/div>\n\t\t\t\t\t\t<\/div>\n\t\t\t\t\t<\/div>\n\t\t","protected":false},"excerpt":{"rendered":"<p>Czujesz si\u0119 zm\u0119czony\/a kolejnymi nieudanymi pr\u00f3bami, by osi\u0105gn\u0105\u0107 sw\u00f3j cel?Jeste\u015b przekonany\/na, \u017ce niezrealizowany zamiar znacznie obni\u017ca Twoje poczucie w\u0142asnej warto\u015bci?Tak wiele razy Twoje motywacja gas\u0142a zbyt szybko\u2026Podsk\u00f3rnie czujesz, \u017ce nie wystarczy my\u015ble\u0107 pozytywnie, a reszta sama si\u0119 wydarzy?Czy jeste\u015b \u015bwiadomy,&nbsp; \u017ce cele osi\u0105ga si\u0119 wg bardzo konkretnych kluczy i mechanizm\u00f3w?Snucie marze\u0144 ju\u017c Ci nie wystarcza?Masz potrzeb\u0119 zrealizowa\u0107 sw\u00f3j cel lub\/i spe\u0142ni\u0107 marzenie, by m\u00f3c spojrze\u0107 z dum\u0105 w lustro?Tak wiele pr\u00f3b, by cho\u0107 zbli\u017cy\u0107 si\u0119 do realizacji swego zamiaru, zawiod\u0142o Ci\u0119, mimo, \u017ce inni mogli by\u0107 dumnie z sukces\u00f3w, o kt\u00f3rych Ty mog\u0142e\u015b\/a\u015b tylko pomarzy\u0107?Mimo wszystko, nie przestajesz wyobra\u017ca\u0107 sobie, jak by\u015b si\u0119 czu\u0142\/\u0142a&nbsp; gdyby\u015b stan\u0105\u0142\/\u0119\u0142a na swoim w\u0142asnym szczycie? Zatem, z pe\u0142n\u0105 odpowiedzialno\u015bci\u0105 zapraszam Ci\u0119 na szkolenie: OSI\u0104GAM SWOJE CELE, SPE\u0141NIAM W\u0141ASNE MARZENIA \u2013 Przekonasz si\u0119, co tak naprawd\u0119 hamuje Ci\u0119 na drodze do osi\u0105gni\u0119cia swojego celu. \u2013 Dowiesz si\u0119, jak wa\u017cn\u0105 rol\u0119 w drodze na szczyt pe\u0142ni pora\u017cka. \u2013 Zbudujesz konkretny plan, dzi\u0119ki kt\u00f3remu pokonasz ewentualne przeciwno\u015bci. \u2013 Nauczysz si\u0119 jakie s\u0105 konieczne kryteria, by osi\u0105gn\u0105\u0107 sw\u00f3j zamiar. \u2013 Uka\u017c\u0119 Ci co jest prawdziwym i nies\u0142abn\u0105cym \u017ar\u00f3d\u0142em motywacji.&nbsp;&nbsp; \u2013 Wsp\u00f3lnie om\u00f3wimy proces natychmiastowego odbudowywania motywacji. \u2013 Rozprawimy si\u0119 r\u00f3wnie\u017c z os\u0142abiaj\u0105cymi przekonaniami, kt\u00f3re blokuj\u0105 Ci\u0119, by wej\u015b\u0107 na sw\u00f3j w\u0142asny szczyt. \u2013 Odbudujesz poczucie swojej sprawczo\u015bci! Gdzie praktyczna wiedza, kt\u00f3r\u0105 Ci przeka\u017c\u0119, mo\u017ce by\u0107 zastosowana? \u2013 w zmaganiach z nadwag\u0105 czy niedowag\u0105. \u2013 w osi\u0105ganiu sukces\u00f3w zawodowych, zatem prze\u0142o\u017cy si\u0119 ona na konkretne korzy\u015bci finansowe. \u2013 w realizacji wszelkich cel\u00f3w z \u017cycia prywatnego. \u2013 w zmaganiach z osi\u0105ganiem kolejnych szczebli edukacji.<\/p>\n","protected":false},"author":1,"featured_media":0,"parent":133,"menu_order":0,"comment_status":"closed","ping_status":"closed","template":"","meta":[],"_links":{"self":[{"href":"https:\/\/www.pasjarozwoju.pl\/index.php\/wp-json\/wp\/v2\/pages\/36"}],"collection":[{"href":"https:\/\/www.pasjarozwoju.pl\/index.php\/wp-json\/wp\/v2\/pages"}],"about":[{"href":"https:\/\/www.pasjarozwoju.pl\/index.php\/wp-json\/wp\/v2\/types\/page"}],"author":[{"embeddable":true,"href":"https:\/\/www.pasjarozwoju.pl\/index.php\/wp-json\/wp\/v2\/users\/1"}],"replies":[{"embeddable":true,"href":"https:\/\/www.pasjarozwoju.pl\/index.php\/wp-json\/wp\/v2\/comments?post=36"}],"version-history":[{"count":6,"href":"https:\/\/www.pasjarozwoju.pl\/index.php\/wp-json\/wp\/v2\/pages\/36\/revisions"}],"predecessor-version":[{"id":484,"href":"https:\/\/www.pasjarozwoju.pl\/index.php\/wp-json\/wp\/v2\/pages\/36\/revisions\/484"}],"up":[{"embeddable":true,"href":"https:\/\/www.pasjarozwoju.pl\/index.php\/wp-json\/wp\/v2\/pages\/133"}],"wp:attachment":[{"href":"https:\/\/www.pasjarozwoju.pl\/index.php\/wp-json\/wp\/v2\/media?parent=36"}],"curies":[{"name":"wp","href":"https:\/\/api.w.org\/{rel}","templated":true}]}}